e of 0*w**2 + 0*w**4 + 0*w - 28 + 10/3*w**3 + 1/360*w**6 - 1/20*w**5. Let g(n) be the third derivative of h(n). Determine g(4).
-8
Let l(p) = 23*p + 2. Let w(k) = 3*k - 1. Let t(b) = 3*l(b) - 24*w(b). Give t(15).
-15
Let o(y) = -15*y - 4. Let j be ((-57)/12 + 4)/(9/(-48)). Let s(m) = 14*m + 3. Let g(u) = j*o(u) + 5*s(u). Give g(-1).
-11
Let h(n) = 12*n + 401. Let r(s) = 6*s + 194. Let p(o) = 6*h(o) - 13*r(o). Give p(-24).
28
Let a(r) be the first derivative of r**6/360 + r**4/24 - 17*r**3/3 - 18. Let k(p) be the third derivative of a(p). Calculate k(4).
17
Let x(b) = b**3 + 17*b**2 + 16*b + 18. Let a(y) = y**3 - 41*y**2 - 16. Let i be a(41). Determine x(i).
18
Suppose 4 + 5 = c - 2*t, 20 = -5*t. Suppose -c = -3*p + 2, 2*a - 3*p = -3. Let f(q) = q**3 - q**2 - q - 1. Determine f(a).
-1
Suppose -34*h = -656 + 10. Let v(c) = c**3 - 19*c**2 + 3*c. Calculate v(h).
57
Suppose -16*z = 19*z + 3*z - 760. Let x(g) be the first derivative of -g**4/4 + 7*g**3 - 21*g**2/2 + 21*g - 2. Calculate x(z).
1
Let w(v) = 31*v**2 - 1084*v - 31. Let m be w(35). Let q(u) be the first derivative of 1/2*u**m + 1/2*u**2 - 39 - 4*u - u**3. What is q(3)?
26
Let f(k) = -6198*k**3 + 2*k**2 + 2*k - 6*k**2 + 3108*k**3 + 1 + 3107*k**3. Give f(1).
16
Let z(i) = 152*i**2 + 162*i**2 - i - 314*i**2 - i**3. Calculate z(1).
-2
Suppose -7 + 0 = -x. Suppose -b - 3*m = -x, -4*m + 2 = -2. Let w(o) = -o + 1 - o**2 + 2*o**2 - 2*o**2 + 2*o. What is w(b)?
-11
Suppose -344 - 255 = -5*q - 2*b, 0 = 5*q - 5*b - 620. Suppose -94 = -9*w - q. Let x(p) = -p**3 - 2*p**2 + p - 6. Determine x(w).
0
Let a(z) = -2*z**3 + 12*z**2 + 23*z - 66. Let v(d) = -d**3 + 15*d**2 - 2*d - 161. Let m be v(14). Calculate a(m).
-3
Let g(o) = o**2 + 12*o - 12. Let t(u) = 3*u**3 + 11*u**2 + 3*u - 4. Let k be t(-3). Let n be k*(0 + -3) - (-72)/18. What is g(n)?
-23
Let z(v) be the third derivative of v**4/6 + 4*v**3 - 32*v**2. Give z(-6).
0
Let q(d) be the first derivative of -11*d**3/3 - d**2/2 - d - 22578. Let j(f) = -f**2 + 12*f - 12. Let b be j(11). Give q(b).
-11
Let w be -1 - ((-252)/(-6))/(-7). Let h(b) = -8*b**3 - 2*b**2 + 4*b - 3. Let r(x) = -5*x**3 - x**2 + 2*x - 1. Let y(k) = w*r(k) - 3*h(k). Determine y(3).
-20
Let o(k) be the second derivative of -36 + 4*k**2 + 1/20*k**5 + 5/6*k**3 + k - 7/12*k**4. What is o(6)?
2
Let o(l) = -33*l - 663. Suppose 2*t = -6*p + 2 - 42, 0 = -5*t - 5*p - 100. Give o(t).
-3
Let y(l) = -l - 66. Let k be ((-3828)/(-30))/(-11)*5. Determine y(k).
-8
Let j(d) = d**2 + 9*d + 5. Suppose -491 = -5*a + 4*o - 5*o, -5*o + 376 = 4*a. Let h = 91 - a. Determine j(h).
-3
Let x(r) = 3*r + 5. Let n be -6*(2 + 0) + 6. Let s be (-6)/(-8) - (n - 94/(-8)). Determine x(s).
-10
Let y = 296 + 179. Suppose 5*u + 2*o + 465 = 0, -5*u - 6*o - y = -2*o. Let a be ((-4)/(-7))/(26/u). Let z(x) = -5*x - 3. Determine z(a).
7
Let t(k) be the first derivative of k**3/3 + 5*k**2 + 12*k - 2. Suppose 0 = -258*q - 1120 - 1202. What is t(q)?
3
Let r(t) = -9*t - 15. Suppose 263 = -48*a - 40*a - 1. Determine r(a).
12
Let s(v) = -v**2 + 5*v + 16. Suppose 28*k - 24*k - 4*y - 4 = 0, 14 = 4*k - 2*y. What is s(k)?
10
Let g(y) be the third derivative of -1/6*y**3 + 0 - 66*y**2 - 1/60*y**5 - 1/6*y**4 + 0*y. Give g(3).
-22
Let r(x) be the second derivative of -x**5/4 + x**4/12 - x**3/3 + x**2/2 + 7*x. Suppose o + 32 = 2*d + 25, -3*o + 23 = 5*d. Give r(o).
-5
Let m(o) = -o - 1. Let r(q) = -q**2 - 9*q + 1. Let f(b) = -2*m(b) + r(b). Let l = 19 - 1. Suppose 17 = -5*c - l. Determine f(c).
3
Let b(k) = k**2 + 6*k + 4. Let p = -757 + 1341. Let o = p - 588. Calculate b(o).
-4
Let p(x) be the first derivative of -x**3/3 - 8*x**2 - 27*x + 10484. Calculate p(-13).
12
Let o(k) be the third derivative of -k**4/8 - 5*k**2 - 418. Calculate o(0).
0
Let b(r) = -44*r - 59. Let p(h) = -25*h - 31. Let x(a) = 4*b(a) - 7*p(a). Give x(-7).
-12
Let q be 2/(-8)*1 + (-6)/8. Let m(i) = 701 - 1394 - 28*i**2 + 693. What is m(q)?
-28
Let y(w) be the first derivative of -w**4/4 - 2*w**3 + 3*w**2/2 + 9*w + 2. Let i be ((-91)/14 - -6)*14. Let m be -3 - (14/4 + i/14). Give y(m).
-9
Let l(o) = 2*o**3 + o**2 - o - 2. Suppose 4*w - 6 = 14. Suppose -91 = w*k + 209. Let y be (4/10)/(12/k). Give l(y).
-12
Let z(g) = -2*g - 8. Let a be ((-176)/(-20) - 10)/(4/(-10)). Suppose -5*l = 6*b - 11*b + 35, 4*l + a*b + 28 = 0. Determine z(l).
6
Let j be 324/144 - 1/4. Suppose 7 = 2*i + 3. Let o(n) = -3*n**2 + i*n**2 - 2 - 9*n + 6*n - j. Give o(-4).
-8
Let j(a) be the third derivative of -a**7/840 + a**6/120 + a**5/40 + a**4/24 - 83*a**3/3 - 33*a**2. Let z(g) be the first derivative of j(g). What is z(4)?
-3
Let o(h) = -2*h + 2. Let p be o(10). Let z be ((p/4)/3)/(9/(-24)). Suppose -u + 3 = 0, -3*t = -2*t + z*u - 20. Let g(m) = -m**2 + 7*m + 1. Give g(t).
-7
Let a(b) = -2*b**3 + 8*b**2 + 11*b + 4. Let f be (30/(-2))/(145 + -148). Determine a(f).
9
Suppose -5*d + 81 = 51. Let k(y) = -12*y**3 - y**2 + 1. Let u be k(-1). Let r(v) = 11*v - u*v - 2 + 0. Give r(d).
-8
Let s(u) be the third derivative of 0*u - 11 - 1/3*u**3 + 3*u**2 - 1/120*u**6 + 1/15*u**5 - 1/8*u**4. What is s(3)?
-2
Let i be -1*(-27 - -8 - -8). Let v(h) = i + 4*h - 10 - 2*h - 3. What is v(8)?
14
Let w(p) = p**3 + 3*p**2 + 2*p + 1. Suppose -5*r - o = -39, -2*o + 21 = 4*r - 15. Let d be -1*(20/r - (-4)/28). Calculate w(d).
-5
Suppose -i - w - 5 = 0, 5*w - 24 - 1 = 5*i. Let r(l) = -l**3 - l**2 - l + 1. Let x(q) = 7*q**3 + 12*q**2 + 9*q - 10. Let y(m) = -6*r(m) - x(m). What is y(i)?
-6
Let s(m) = 4 + 0*m + 1 + m**2 + 4*m - 3. Let f(x) = 1. Let n(l) = 3*f(l) - s(l). Calculate n(-3).
4
Let w(x) be the first derivative of x**3 - 3*x**2 + 6*x - 797. What is w(3)?
15
Let t(r) = 2*r + 1. Let x(y) = -273*y - 6. Let s be x(-1). Let p = s - 265. Determine t(p).
5
Let f = 236 + -141. Suppose 0 = 6*i + 13*i - f. Let v(s) = -3*s + 5. Calculate v(i).
-10
Let y(v) = 4*v**2 + 10*v + 19. Let c(n) = -3*n**2 - 7*n - 13. Let w = -30 - -25. Let x = -99 - -92. Let m(k) = w*y(k) + x*c(k). What is m(-3)?
8
Let x = -508 + 510. Let o(q) = -85*q + x + 319*q - 81*q - 83*q - 80*q. Calculate o(2).
-18
Let r(k) = -4*k - 54. Let n = 14667 - 14695. Calculate r(n).
58
Let z be 116 - 113 - (-2)/1. Let c(g) be the first derivative of -g**5/120 + g**4/6 + 2*g**3/3 - 2. Let w(d) be the third derivative of c(d). Give w(z).
-1
Let y(c) = 115 - 17 - 10 - 82 - 3*c**2. Determine y(2).
-6
Let i(y) be the third derivative of 55*y**2 + 11/24*y**4 + 1/2*y**3 + 1/60*y**5 + 0*y + 0. Determine i(-11).
3
Let u(d) = -d**3 - 40*d**2 - 3*d - 118. Let m(s) = -203*s + 1584. Let r be m(8). Determine u(r).
2
Suppose 5*g = -3*z + 4, 5*z + 22*g - 18*g = -15. Let k(j) be the second derivative of j**5/20 + 2*j**4/3 + 11*j**3/6 + 5*j**2 - 19*j. What is k(z)?
-18
Let a(c) be the third derivative of -c**6/120 - c**5/15 - c**4/12 - c**3 - c**2. Suppose 2513 - 1403 - 1350 = 80*y. What is a(y)?
-9
Suppose 27 = -5*h + u, 3*h + u - 44448 = -44461. Let t(w) = 30*w + 60. Let n(m) = -12*m - 24. Let x(f) = 12*n(f) + 5*t(f). Determine x(h).
-18
Let b(p) be the second derivative of -p**4/4 - p**3 + 11*p**2/2 - 16*p - 32. Determine b(2).
-13
Let x = -11 + 8. Let v(y) = -800*y - 10. Let k(f) = 228*f + 3. Let z(w) = -7*k(w) - 2*v(w). What is z(x)?
-13
Suppose 3*a = -2*a - 230. Let y = -47 - a. Let u(s) be the second derivative of -s**5/4 - s**4/6 - s**3/3 - s**2/2 - 11*s. What is u(y)?
4
Let t(q) = -q**2 + 9*q - 8. Let u be t(5). Let n(p) = -4 - 5*p - 2*p + u*p + 4. Let x(y) = -y - 4. Let j be x(-3). Give n(j).
-5
Let i be 86/18 + (-52)/(-234). Let d(v) be the first derivative of -i + 2*v**2 + 5*v + 1/3*v**3. Determine d(-4).
5
Let t(p) = -2*p**3 + 8*p**2 + p - 14. Suppose -143*r = -154*r + 33. Give t(r).
7
Let s be (-2817)/(-45) - (-6)/15. Let f(p) = -3*p + 58 - 132 + s. Determine f(-6).
7
Let y(a) = -18*a - 11. Let j be ((-224)/432)/(-7) + 29/(-27). Give y(j).
7
Suppose 0 = 14*h + 20*h - 102. Let z(k) = -k**2 - k + 2. Calculate z(h).
-10
Let n(v) be the first derivative of -v**4/4 - 8*v**3/3 - 7*v**2/2 + 17*v + 2209. Give n(-7).
17
Let u(q) = -q**3 + 126 - 186 + q**2 + 25 + 33. Give u(-3).
34
Suppose 23 - 123 = -10*z. Let d(w) = -w**3 + 9*w**2 + 9*w + 9. What is d(z)?
-1
Let x(d) be the third derivative of d**4/8 + 25*d**3/6 + 1299*d**2. Determine x(-14).
-17
Suppose 2*z = 4*f - 2 + 8, -5*f - 4